p) + 5*w(p). What is l(5)?
6
Let m = 4 - 10. Let i = -19 + 41. Let t be 3/m + i/4. Let o(y) = y**3 - 5*y**2 + 3. Determine o(t).
3
Let n(d) be the first derivative of -1 + d**2 + 2/3*d**3 - 3*d. Calculate n(2).
9
Let g(f) = -f**2 - f + 3. Let b(h) = 2*h - 3. Let l be b(3). Let k(v) = v + 1. Let d(x) = l*k(x) - g(x). What is d(-5)?
5
Let a(x) = -x - 5. Let j(b) = -b**3 + b**2 + 2*b. Let v be j(2). Suppose 2*r + 4*k + 11 - 1 = 0, 4*k = v. Give a(r).
0
Let d(x) = 1 - 4 - 28*x**2 + 0 + 29*x**2. Determine d(-4).
13
Let v(o) be the first derivative of -2*o**2 - o - 4. Suppose s = 3*s + 8. Determine v(s).
15
Let d be (3/(-2))/((-13)/78). Suppose d*i - 7*i = -6. Let n(j) = j**3 + 2*j**2 - 3*j - 2. Determine n(i).
-2
Let f(a) = -a - 1. Let y be f(3). Let r be (-3)/y*(0 + -4). Let w(t) = 3. Let x(h) = h. Let v(k) = w(k) - x(k). What is v(r)?
6
Let d(c) = c**3 + 3*c**2 + 4*c + 2. Suppose u = -0*u - 5*q - 17, 0 = 3*u - 3*q - 3. Give d(u).
-2
Let c(p) be the second derivative of 0 + 1/2*p**3 + 1/20*p**5 + 1/3*p**4 + 2*p + 3/2*p**2. Let a be 1*-2 - (1 - 0). Give c(a).
3
Let w(n) = -4*n**2 - 7*n - 7. Let u(d) be the third derivative of d**5/20 + 7*d**4/24 + 7*d**3/6 - 9*d**2. Let h(p) = 3*u(p) + 2*w(p). Calculate h(-7).
7
Let s(c) = -c - 3. Let p = 98 + -91. Calculate s(p).
-10
Let m = 4 - 2. Let f(t) = -1 - 5 - 3*t + 2 + m*t. What is f(-4)?
0
Let j(n) = -n**3 - 4*n**2 + 4*n - 1. Let h be j(-5). Suppose 4*v = -8, h*v = -4*o + 14 - 6. Let a = -1 + o. Let d(r) = -r**2 + 4*r - 4. What is d(a)?
-1
Let u(o) = 2*o - 252 + 248 - o. What is u(9)?
5
Let z(g) = -g**3 - 4*g**2 + 3*g - 3. Suppose 4 + 3 = -v. Let c = v + 2. Determine z(c).
7
Let j(c) = -c**2 + 5. Let f(p) = 1. Let g(o) = 3*f(o) - j(o). Calculate g(0).
-2
Let t(r) = -2*r**3 + 2*r**2 + 1. Let f = 18 + -16. Calculate t(f).
-7
Let w(q) = q**3 - 4*q**2 - q + 2. Let g be 7 - (-5)/(10/(-6)). Determine w(g).
-2
Let r(h) = 6*h**2 + 2*h - 1. Let k(w) = 12*w**2 + 3*w - 2. Let a(c) = -4*k(c) + 7*r(c). Determine a(-1).
-7
Let j be (4/(-3))/(2/6). Let y(n) be the second derivative of n**5/60 + n**4/6 + n**3/3 - n**2 + 2*n. Let s(u) be the first derivative of y(u). What is s(j)?
2
Let o(t) = t - 2*t + 2 + t - t. Suppose 0 = 2*m - 8. Let v = 6 - m. Determine o(v).
0
Let v = 5 + -3. Let a(q) = q**2 - 2*q - 5. Let b be a(4). Let p(o) = 0 + o - b - v*o. Determine p(-3).
0
Suppose c = f + 5, 3*c = 5 + 4. Let x(j) = 2*j**2 + 2*j**3 + 3 + 2*j + j**3 - 2*j**3. Determine x(f).
-1
Let r(j) = -13*j + 17. Let l(d) = 3*d - 4. Let s(x) = 9*l(x) + 2*r(x). Let y(v) = -4*v**2 - 19*v + 7. Let g be y(-5). Determine s(g).
0
Let h(k) = -2*k - 5. Let f = -37 - -29. Give h(f).
11
Let x(y) be the second derivative of y**4/12 - y**3/6 + y**2/2 + 2*y. Let u(b) = -6*b**2 + b - 8. Let o(i) = u(i) + 5*x(i). Suppose -w = 2*w + 9. What is o(w)?
0
Let m(n) be the third derivative of -n**4/8 + 7*n**3/6 - 3*n**2 + 3. Let v(t) = -t**2 - t + 5. Let o be v(0). What is m(o)?
-8
Let c(n) = -n**3 + 6*n**2 - 5*n - 2. Let q be (-4)/(-2) - (-1)/1. Let h = q + -2. Let z be -2 + h + (-6)/(-1). What is c(z)?
-2
Let k(l) = -l**3 - l**2 - l. Let t(h) = -2*h**3 + 2*h**2 - h + 2. Let n(o) = 3*k(o) - t(o). Let s(j) = -11*j + 17. Let m be s(2). What is n(m)?
8
Let w(g) = -g**2 - 7*g - 8. Let a be w(-6). Let d(f) = 9*f**2 - 10*f + 8. Let y(n) = 5*n**2 - 6*n + 5. Let r(t) = -3*d(t) + 5*y(t). Give r(a).
-7
Let f(q) = -2*q - 5. Let g be f(-4). Let w(y) be the second derivative of -1/6*y**g - y**2 - y + 0. What is w(-1)?
-1
Let f be (-4)/(9/3 + -2). Let d = 7 + f. Suppose -1 = -3*r - 4*c, r + d + 0 = 2*c. Let h(u) = 5*u**3 - 2*u**2 + 1. Determine h(r).
-6
Let l(r) = 4*r - 1. Suppose -3*i = 2*c + 6 + 8, -3*i + 2*c = -2. Let v(j) = -3*j. Let u(s) = i*l(s) - 3*v(s). Let k be 19/38 + 13/(-2). Give u(k).
-4
Let x(b) be the second derivative of -b**6/120 + b**5/15 - b**4/8 + b**3/2 - b**2 - 3*b. Let k(w) be the first derivative of x(w). What is k(3)?
3
Suppose 0 = -5*p - 10, -12 - 2 = -4*r + p. Let n be 3*((-7)/3 + 3). Let f(t) = 0 + 3*t - 4*t**n - 2*t + 3*t**2 + 2. Give f(r).
-4
Let u(y) be the second derivative of -1/12*y**4 + 0 - y + 0*y**3 + y**2. Determine u(2).
-2
Suppose -l = 4*l + 5. Let y(k) be the second derivative of -k**3/3 - k. Determine y(l).
2
Let a(f) be the second derivative of 0 + 0*f**2 - 2*f + 1/6*f**4 + 1/720*f**6 - 1/60*f**5 + 0*f**3. Let t(c) be the third derivative of a(c). Calculate t(-2).
-4
Let j = -16 - -10. Let m(a) = a**2 + 5*a - 7. Let i be m(j). Let d(r) = -3*r. Give d(i).
3
Let u(z) = -z + 5. Let p be u(8). Let v(s) = s**3 + 3*s**2 - 4*s - 4. What is v(p)?
8
Let o(b) = 4*b**2 + b - 5. Let a(h) = -3*h**2 - h + 4. Let n(f) = 3*a(f) + 2*o(f). Determine n(-2).
0
Let p(r) be the third derivative of r**6/360 + r**5/40 + r**4/12 - 3*r**3/2 - 2*r**2. Let i(z) be the first derivative of p(z). Determine i(-4).
6
Let w(g) = g + 3. Let f(y) be the first derivative of y**2 + 7*y - 2. Let j(k) = -6*f(k) + 13*w(k). Suppose 0 = s - 1 + 4. Give j(s).
-6
Suppose -6*n = -2*n - 4. Let b(x) = 9*x**3 + 4*x + 1. Let c(k) = k**3 - k. Let h(g) = -b(g) - 4*c(g). Give h(n).
-14
Suppose 0 = -4*m - 17 - 3. Let i(c) = 2*c - 3. Let r be i(3). Let t(u) = -u**r - u**3 + 4 - 4*u - 6*u**2 + u**3. What is t(m)?
-1
Let r(m) be the second derivative of m**3/6 - 7*m**2/2 - 15*m. Give r(6).
-1
Let a(p) = p**2 + 6*p + 4. Let u be a(-6). Let z(k) = -5*k**3 - 5 + 0 + u*k + 5*k**2 + 6*k**3. Give z(-4).
-5
Let o(f) = -f**3 + f**2 + 3*f. Let v be o(-3). Let r be (-2)/8 - v/36. Let q(k) be the third derivative of -7*k**5/60 + k**2. Determine q(r).
-7
Let a(l) = l**2 + 5*l + 4. Let m(r) = -r**3 + 8*r**2 - 4*r - 5. Let c be m(7). Let p = -10 + c. Let b(g) = g**2 - 8*g + 8. Let x be b(p). Give a(x).
0
Suppose -21 = -d - 3*q, -4*d + 44 = -0*d + 4*q. Let m(k) = -3*k + 7. Determine m(d).
-11
Let t = 6 + 4. Let n(o) = 0 - t*o + 2 + 9*o. Give n(4).
-2
Suppose -5*o - 7 = 8. Let b(s) be the third derivative of -s**5/60 - s**4/12 + s**3/3 + 3*s**2. Let g(x) be the first derivative of b(x). Give g(o).
4
Let j = 41 - 61. Let y be j/8*4/(-5). Let p(q) = 0 - q - y + 3*q**2 - 2*q**2. What is p(-2)?
4
Let o(j) be the first derivative of j**3/3 + 3*j**2/2 + 5*j - 30. Give o(-5).
15
Let b = -212 + 215. Let z(m) = m**3 - 5*m**2 + 3*m + 1. What is z(b)?
-8
Let r = -3 + 9. Let k(t) = -t**2 + 11*t + 1. Calculate k(r).
31
Let c(d) = 6*d - 4*d**2 + d**2 + 5*d**2. Let v(p) = p**3 + 12*p**2 + 9*p - 26. Let f be v(-11). Give c(f).
8
Suppose 3*v + 4*n - 2*n - 37 = 0, -3*v = -5*n - 23. Let o be (-2)/v + 144/66. Let r(u) = -7 + 5 + 2*u**2 - u**o. Determine r(2).
2
Let s(y) = -y**2 + 3. Suppose -16 = 5*t - 1. Give s(t).
-6
Suppose -5*f - 20 = -0*f. Let c = f - -7. Suppose k + c = t, -2*k + 4*t - 8 = -0*t. Let a(r) = 3*r. Give a(k).
-6
Let m = -4 + 4. Suppose -4*n + n + 12 = m. Let w(a) = 4*a - 1 - n*a + a**2. Give w(2).
3
Let n(j) = 2 + 4*j**2 + 3*j + j**3 - j**2 + 2*j**2. Let a be (-60)/(-18)*(-12)/10. Determine n(a).
6
Let o(n) = 5*n**2 + 8*n + 2. Let h(x) = 6*x**2 + 8*x + 1. Let c(q) = -4*h(q) + 5*o(q). Suppose -5*s + 2*s = 15. Give c(s).
-9
Let f(y) = -y**3 + 3*y**2 + 4*y - 3. Let j be (-232)/(-6) + 8/(-12). Suppose 28 = -4*n + 100. Let o be (-4)/n + j/9. Give f(o).
-3
Suppose 4*l = 5*o - 3, 4 = 2*o + 21*l - 24*l. Let g(j) = -5*j**3 + 2*j**2 - 1. Give g(o).
6
Let a = 3 - 4. Let x(f) = -32*f. Let t be x(a). Suppose 0 = 3*l + 4*b + t, -19 = 3*l - 2*l + 3*b. Let i(z) = z**3 + 5*z**2 + 4*z + 6. Determine i(l).
6
Let o = 0 - -4. Let h(u) = -7*u + 4. Let q(d) = 6*d - 3. Let m be 3/2*(-10)/(-3). Let c(f) = m*q(f) + o*h(f). Calculate c(-5).
-9
Let a(d) = 1. Let p(u) = -u**2 + 10. Let g(x) = -2*a(x) - p(x). Calculate g(0).
-12
Suppose -5 = 3*s - 38. Let g(n) = s*n + 5*n**2 - 11*n. Calculate g(1).
5
Let m(t) = 7*t + 3. Let d(r) = 3*r + 2. Let n(j) = 10*d(j) - 4*m(j). Give n(7).
22
Let j(g) = -8*g - 3*g**2 + 0*g - 3*g + 12*g. Suppose -3*c = -4*c + 2. Suppose -2*r + 6 = 5*i - 3*r, -4*i + c*r = 0. What is j(i)?
-10
Let j be (-3)/(-6 - -3)*-9. Let p = 9 + j. Let n(v) = -2*v + 1 + 5*v**2 - 10*v**2 + p. Determine n(1).
-6
Suppose 32 - 24 = -2*n. Let g(d) = d**3 + 3*d**2 - 2*d - 3. Calculate g(n).
-11
Let o(g) be the first derivative of -1 + 1/3*g**3 + 4*g**2 + 7*g. Let r be 15*1*4/(-10). Calculate o(r).
-5
Let p be (-20)/10*(-15)/(-